{"id":48,"date":"2018-02-19T18:51:50","date_gmt":"2018-02-19T18:51:50","guid":{"rendered":"http:\/\/julietamorellato.com.ar\/web\/?page_id=48"},"modified":"2018-02-19T18:51:50","modified_gmt":"2018-02-19T18:51:50","slug":"silla-tiffany-dorada","status":"publish","type":"page","link":"http:\/\/julietamorellato.com.ar\/web\/silla-tiffany-dorada\/","title":{"rendered":"SILLA TIFFANY DORADA"},"content":{"rendered":"<p><a href=\"http:\/\/julietamorellato.com.ar\/web\/wp-content\/uploads\/2018\/02\/Tif_11.jpg\"><img loading=\"lazy\" decoding=\"async\" class=\"alignnone size-medium wp-image-49\" src=\"http:\/\/julietamorellato.com.ar\/web\/wp-content\/uploads\/2018\/02\/Tif_11-200x300.jpg\" alt=\"SILLA TIFFANY DORADA\" width=\"200\" height=\"300\" srcset=\"http:\/\/julietamorellato.com.ar\/web\/wp-content\/uploads\/2018\/02\/Tif_11-200x300.jpg 200w, http:\/\/julietamorellato.com.ar\/web\/wp-content\/uploads\/2018\/02\/Tif_11-768x1152.jpg 768w, http:\/\/julietamorellato.com.ar\/web\/wp-content\/uploads\/2018\/02\/Tif_11-683x1024.jpg 683w, http:\/\/julietamorellato.com.ar\/web\/wp-content\/uploads\/2018\/02\/Tif_11-600x900.jpg 600w, http:\/\/julietamorellato.com.ar\/web\/wp-content\/uploads\/2018\/02\/Tif_11.jpg 1155w\" sizes=\"auto, (max-width: 200px) 100vw, 200px\" \/><\/a><\/p>\n","protected":false},"excerpt":{"rendered":"","protected":false},"author":2,"featured_media":0,"parent":0,"menu_order":0,"comment_status":"closed","ping_status":"closed","template":"","meta":{"ngg_post_thumbnail":0,"footnotes":""},"class_list":["post-48","page","type-page","status-publish","hentry","post"],"yoast_head":"<!-- This site is optimized with the Yoast SEO plugin v23.7 - https:\/\/yoast.com\/wordpress\/plugins\/seo\/ -->\n<title>SILLA TIFFANY DORADA - ALQUILER DE SILLAS TIFFANY<\/title>\n<meta name=\"robots\" content=\"index, follow, max-snippet:-1, max-image-preview:large, max-video-preview:-1\" \/>\n<link rel=\"canonical\" href=\"http:\/\/julietamorellato.com.ar\/web\/silla-tiffany-dorada\/\" \/>\n<meta property=\"og:locale\" content=\"es_ES\" \/>\n<meta property=\"og:type\" content=\"article\" \/>\n<meta property=\"og:title\" content=\"SILLA TIFFANY DORADA - ALQUILER DE SILLAS TIFFANY\" \/>\n<meta property=\"og:url\" content=\"http:\/\/julietamorellato.com.ar\/web\/silla-tiffany-dorada\/\" \/>\n<meta property=\"og:site_name\" content=\"ALQUILER DE SILLAS TIFFANY\" \/>\n<meta property=\"og:image\" content=\"http:\/\/julietamorellato.com.ar\/web\/wp-content\/uploads\/2018\/02\/Tif_11-200x300.jpg\" \/>\n<meta name=\"twitter:card\" content=\"summary_large_image\" \/>\n<script type=\"application\/ld+json\" class=\"yoast-schema-graph\">{\"@context\":\"https:\/\/schema.org\",\"@graph\":[{\"@type\":\"WebPage\",\"@id\":\"http:\/\/julietamorellato.com.ar\/web\/silla-tiffany-dorada\/\",\"url\":\"http:\/\/julietamorellato.com.ar\/web\/silla-tiffany-dorada\/\",\"name\":\"SILLA TIFFANY DORADA - ALQUILER DE SILLAS TIFFANY\",\"isPartOf\":{\"@id\":\"http:\/\/julietamorellato.com.ar\/web\/#website\"},\"primaryImageOfPage\":{\"@id\":\"http:\/\/julietamorellato.com.ar\/web\/silla-tiffany-dorada\/#primaryimage\"},\"image\":{\"@id\":\"http:\/\/julietamorellato.com.ar\/web\/silla-tiffany-dorada\/#primaryimage\"},\"thumbnailUrl\":\"http:\/\/julietamorellato.com.ar\/web\/wp-content\/uploads\/2018\/02\/Tif_11-200x300.jpg\",\"datePublished\":\"2018-02-19T18:51:50+00:00\",\"dateModified\":\"2018-02-19T18:51:50+00:00\",\"inLanguage\":\"es\",\"potentialAction\":[{\"@type\":\"ReadAction\",\"target\":[\"http:\/\/julietamorellato.com.ar\/web\/silla-tiffany-dorada\/\"]}]},{\"@type\":\"ImageObject\",\"inLanguage\":\"es\",\"@id\":\"http:\/\/julietamorellato.com.ar\/web\/silla-tiffany-dorada\/#primaryimage\",\"url\":\"http:\/\/julietamorellato.com.ar\/web\/wp-content\/uploads\/2018\/02\/Tif_11.jpg\",\"contentUrl\":\"http:\/\/julietamorellato.com.ar\/web\/wp-content\/uploads\/2018\/02\/Tif_11.jpg\",\"width\":1155,\"height\":1732,\"caption\":\"SILLA TIFFANY DORADA\"},{\"@type\":\"WebSite\",\"@id\":\"http:\/\/julietamorellato.com.ar\/web\/#website\",\"url\":\"http:\/\/julietamorellato.com.ar\/web\/\",\"name\":\"ALQUILER DE SILLAS TIFFANY\",\"description\":\"Alquiler de sillas tiffany en C\u00f3rdoba, variedad de colores y modelos a elecci\u00f3n, mayor stock del pa\u00eds.\",\"publisher\":{\"@id\":\"http:\/\/julietamorellato.com.ar\/web\/#organization\"},\"potentialAction\":[{\"@type\":\"SearchAction\",\"target\":{\"@type\":\"EntryPoint\",\"urlTemplate\":\"http:\/\/julietamorellato.com.ar\/web\/?s={search_term_string}\"},\"query-input\":{\"@type\":\"PropertyValueSpecification\",\"valueRequired\":true,\"valueName\":\"search_term_string\"}}],\"inLanguage\":\"es\"},{\"@type\":\"Organization\",\"@id\":\"http:\/\/julietamorellato.com.ar\/web\/#organization\",\"name\":\"ALQUILER DE SILLAS TIFFANY\",\"url\":\"http:\/\/julietamorellato.com.ar\/web\/\",\"logo\":{\"@type\":\"ImageObject\",\"inLanguage\":\"es\",\"@id\":\"http:\/\/julietamorellato.com.ar\/web\/#\/schema\/logo\/image\/\",\"url\":\"http:\/\/julietamorellato.com.ar\/web\/wp-content\/uploads\/2019\/08\/cropped-logo150n.png\",\"contentUrl\":\"http:\/\/julietamorellato.com.ar\/web\/wp-content\/uploads\/2019\/08\/cropped-logo150n.png\",\"width\":150,\"height\":150,\"caption\":\"ALQUILER DE SILLAS TIFFANY\"},\"image\":{\"@id\":\"http:\/\/julietamorellato.com.ar\/web\/#\/schema\/logo\/image\/\"}}]}<\/script>\n<!-- \/ Yoast SEO plugin. -->","yoast_head_json":{"title":"SILLA TIFFANY DORADA - ALQUILER DE SILLAS TIFFANY","robots":{"index":"index","follow":"follow","max-snippet":"max-snippet:-1","max-image-preview":"max-image-preview:large","max-video-preview":"max-video-preview:-1"},"canonical":"http:\/\/julietamorellato.com.ar\/web\/silla-tiffany-dorada\/","og_locale":"es_ES","og_type":"article","og_title":"SILLA TIFFANY DORADA - ALQUILER DE SILLAS TIFFANY","og_url":"http:\/\/julietamorellato.com.ar\/web\/silla-tiffany-dorada\/","og_site_name":"ALQUILER DE SILLAS TIFFANY","og_image":[{"url":"http:\/\/julietamorellato.com.ar\/web\/wp-content\/uploads\/2018\/02\/Tif_11-200x300.jpg"}],"twitter_card":"summary_large_image","schema":{"@context":"https:\/\/schema.org","@graph":[{"@type":"WebPage","@id":"http:\/\/julietamorellato.com.ar\/web\/silla-tiffany-dorada\/","url":"http:\/\/julietamorellato.com.ar\/web\/silla-tiffany-dorada\/","name":"SILLA TIFFANY DORADA - ALQUILER DE SILLAS TIFFANY","isPartOf":{"@id":"http:\/\/julietamorellato.com.ar\/web\/#website"},"primaryImageOfPage":{"@id":"http:\/\/julietamorellato.com.ar\/web\/silla-tiffany-dorada\/#primaryimage"},"image":{"@id":"http:\/\/julietamorellato.com.ar\/web\/silla-tiffany-dorada\/#primaryimage"},"thumbnailUrl":"http:\/\/julietamorellato.com.ar\/web\/wp-content\/uploads\/2018\/02\/Tif_11-200x300.jpg","datePublished":"2018-02-19T18:51:50+00:00","dateModified":"2018-02-19T18:51:50+00:00","inLanguage":"es","potentialAction":[{"@type":"ReadAction","target":["http:\/\/julietamorellato.com.ar\/web\/silla-tiffany-dorada\/"]}]},{"@type":"ImageObject","inLanguage":"es","@id":"http:\/\/julietamorellato.com.ar\/web\/silla-tiffany-dorada\/#primaryimage","url":"http:\/\/julietamorellato.com.ar\/web\/wp-content\/uploads\/2018\/02\/Tif_11.jpg","contentUrl":"http:\/\/julietamorellato.com.ar\/web\/wp-content\/uploads\/2018\/02\/Tif_11.jpg","width":1155,"height":1732,"caption":"SILLA TIFFANY DORADA"},{"@type":"WebSite","@id":"http:\/\/julietamorellato.com.ar\/web\/#website","url":"http:\/\/julietamorellato.com.ar\/web\/","name":"ALQUILER DE SILLAS TIFFANY","description":"Alquiler de sillas tiffany en C\u00f3rdoba, variedad de colores y modelos a elecci\u00f3n, mayor stock del pa\u00eds.","publisher":{"@id":"http:\/\/julietamorellato.com.ar\/web\/#organization"},"potentialAction":[{"@type":"SearchAction","target":{"@type":"EntryPoint","urlTemplate":"http:\/\/julietamorellato.com.ar\/web\/?s={search_term_string}"},"query-input":{"@type":"PropertyValueSpecification","valueRequired":true,"valueName":"search_term_string"}}],"inLanguage":"es"},{"@type":"Organization","@id":"http:\/\/julietamorellato.com.ar\/web\/#organization","name":"ALQUILER DE SILLAS TIFFANY","url":"http:\/\/julietamorellato.com.ar\/web\/","logo":{"@type":"ImageObject","inLanguage":"es","@id":"http:\/\/julietamorellato.com.ar\/web\/#\/schema\/logo\/image\/","url":"http:\/\/julietamorellato.com.ar\/web\/wp-content\/uploads\/2019\/08\/cropped-logo150n.png","contentUrl":"http:\/\/julietamorellato.com.ar\/web\/wp-content\/uploads\/2019\/08\/cropped-logo150n.png","width":150,"height":150,"caption":"ALQUILER DE SILLAS TIFFANY"},"image":{"@id":"http:\/\/julietamorellato.com.ar\/web\/#\/schema\/logo\/image\/"}}]}},"_links":{"self":[{"href":"http:\/\/julietamorellato.com.ar\/web\/wp-json\/wp\/v2\/pages\/48","targetHints":{"allow":["GET"]}}],"collection":[{"href":"http:\/\/julietamorellato.com.ar\/web\/wp-json\/wp\/v2\/pages"}],"about":[{"href":"http:\/\/julietamorellato.com.ar\/web\/wp-json\/wp\/v2\/types\/page"}],"author":[{"embeddable":true,"href":"http:\/\/julietamorellato.com.ar\/web\/wp-json\/wp\/v2\/users\/2"}],"replies":[{"embeddable":true,"href":"http:\/\/julietamorellato.com.ar\/web\/wp-json\/wp\/v2\/comments?post=48"}],"version-history":[{"count":1,"href":"http:\/\/julietamorellato.com.ar\/web\/wp-json\/wp\/v2\/pages\/48\/revisions"}],"predecessor-version":[{"id":50,"href":"http:\/\/julietamorellato.com.ar\/web\/wp-json\/wp\/v2\/pages\/48\/revisions\/50"}],"wp:attachment":[{"href":"http:\/\/julietamorellato.com.ar\/web\/wp-json\/wp\/v2\/media?parent=48"}],"curies":[{"name":"wp","href":"https:\/\/api.w.org\/{rel}","templated":true}]}}